 s(y) = 2*y - 2. Let t be s(4). Suppose t*d - 5*d - 3 = 0. Is d composite?
False
Is (-2)/(-7) + 2652/28 a composite number?
True
Let q(d) = -2*d + 2. Let x be q(2). Let i be (-16)/x + -2 - 1. Suppose 2*a - 56 = -i*u + 4, -3*a = -2*u - 109. Is a prime?
False
Suppose -h = -5*k + 55, -2*h + 35 = 5*k + h. Let g = k - 7. Suppose -5*v + 30 = -g*v. Is v a prime number?
False
Let c(b) = b - 5. Let m be c(8). Suppose 3*a = z - 0*a - 115, -m*z = 5*a - 401. Is z prime?
True
Suppose 9 = 4*j - 11. Suppose -j*t - 10 = 2*x, -2*t = t - 2*x + 6. Let h(c) = -17*c - 3. Is h(t) a prime number?
True
Suppose 3*h = -2*x + 1617, x = -4*h + 1398 + 763. Is h a composite number?
False
Let n(p) = -p**3 - p**2 - 41. Let c be n(0). Let h = -8 + c. Let q = 378 + h. Is q prime?
False
Suppose n - 5*n + 16 = -4*u, n + 2*u = -11. Let j = n - -2. Is j/((-2)/(-4)) - -8 prime?
False
Let x be ((-1)/(-1) - 0) + 1. Let b(w) = 25*w**2 - 3*w - 24*w**2 + w**3 + 3 - 2. Is b(x) a composite number?
False
Suppose -3 = -2*q + 7. Let j(u) = 43*u + 2. Is j(q) a composite number?
True
Suppose -2*m - 3*f = 342, -m - 3*m - 5*f - 688 = 0. Let x = 298 + m. Is x composite?
True
Is -262*5/(-10)*11 a composite number?
True
Let b = -82 - -8. Is ((-21)/(-6))/(-7)*b a composite number?
False
Suppose -2*u = 3*j - j - 1048, 5*u - 2617 = -4*j. Is u composite?
False
Is ((-5835)/20)/3*-4 prime?
True
Is ((-21)/2)/(3/(-6)) composite?
True
Suppose 2*h - h = 3*w - 12, -h - 2 = -w. Suppose c - 9 = -w*t + 4*c, -t + 15 = -5*c. Suppose -3*q + 2*q + 31 = t. Is q a composite number?
False
Suppose -3*s + 9 = -0*s. Suppose 2*o + 5*z + 111 = 3*o, -s*o = 4*z - 314. Is o a composite number?
True
Let n be -2*(-1)/(-2) - -1. Suppose 0 = 3*h - n - 9. Is (-2 + -49)/(-4 + h) composite?
True
Suppose 4*a - 3516 = -10*n + 13*n, -2*a + 1758 = -5*n. Is a composite?
True
Let c(t) = -t**3 - 4*t**2 - 2*t + 6. Is c(-8) composite?
True
Suppose 0 = 4*o - 3*p - 1531, 2*p = 5*o + 3*p - 1890. Is o prime?
True
Let q(d) = 4*d**2 - 3*d - 9. Let m be q(8). Suppose -3*v + 722 - 37 = -5*k, m = v - 3*k. Is v prime?
False
Is -670*(-9)/12 + 3/(-6) prime?
False
Let n(f) = -f**3 + 10*f**2 + 2*f + 3. Let s(r) = r**3 - 11*r**2 - 2*r - 4. Let l(d) = 7*n(d) + 6*s(d). Let m be l(4). Let b = m - -6. Is b a composite number?
False
Let y be 2 - ((-1)/1 - -2). Let l(c) = 95*c**3 - c**2 - c + 1. Is l(y) a prime number?
False
Let n = -719 - -1516. Is n a composite number?
False
Let u(t) = -t + 3. Is u(-7) composite?
True
Suppose -5*d + 8 = -2, 0 = -4*r + 3*d + 658. Is r composite?
True
Suppose 0 = c - 5*m + m - 311, 5*c - 2*m - 1591 = 0. Is c composite?
True
Let g = 4020 + -2693. Is g a composite number?
False
Suppose -8*l + 6 = -2*l. Let f(a) be the second derivative of 29*a**3/3 + a**2/2 - a. Is f(l) a composite number?
False
Let j be (3 - 0)*(-8)/(-6). Suppose -2*s + j*i + 578 = 0, -5*s + 3*i + 1621 = 162. Is s a prime number?
True
Let q = 1 + 3. Let v be 570/14 + q/14. Let h = 24 + v. Is h a composite number?
True
Suppose -3 = 3*t - 6*t, -5*t + 262 = -o. Let h = 472 + o. Is h composite?
True
Is ((-3984)/(-16))/((-1)/(-1)) a prime number?
False
Suppose -s = -2*d + 761, 15 = 4*s - 5. Is d prime?
True
Let d(n) = 69*n**2 + 5*n + 1. Is d(-2) prime?
False
Suppose c - 12 = -n + 19, -8 = -2*n. Let p = c + -1. Is p prime?
False
Let f(m) = 2*m + 4*m - 5*m + 1 + 1 + 8*m**2. Let v be f(3). Suppose -v - 7 = -4*z. Is z a prime number?
False
Let w = 65 - -416. Is w prime?
False
Let o = -138 + 295. Is o a composite number?
False
Let q = -292 + 695. Is q prime?
False
Suppose -4*j = -j. Is j + 3 + 325 + 1 prime?
False
Let t(h) be the first derivative of h**4/8 - 2*h**3/3 - h**2 - 3. Let r(d) be the second derivative of t(d). Is r(6) a composite number?
True
Let a(b) = 61*b**2. Let u be a(3). Suppose -2*i + u = i. Is i a prime number?
False
Let x = 332 + -63. Suppose -5*c + 89 = -5*p + 399, 3*c = -4*p + x. Is p a prime number?
False
Suppose 6*l = 2*l + 4780. Is l a composite number?
True
Is -4 - (-1319 + 0/3) prime?
False
Suppose -w + 0*w = -5. Let s(p) = 18*p - 3. Is s(w) a prime number?
False
Let n(g) = -g - 2. Let x be n(-6). Suppose x*c - 2*c = 12. Is c a composite number?
True
Suppose -12 = -2*w - 0. Suppose 0 = -m + w*m - 35. Suppose -36 = -3*l + 3*x, 3*l - 4*x - 42 = -m*x. Is l composite?
False
Let r be (1 - (-2 + 2))*-18. Suppose 4*b - b + 5*j = -113, 5*j + 72 = -2*b. Let x = r - b. Is x a composite number?
False
Let b(q) = -6*q**2 + q**3 + 7 + q**3 - 3*q**2. Suppose -w - 3 - 1 = -2*i, 4*i = w + 14. Is b(w) prime?
False
Let m = 5 - 2. Suppose 53 + 112 = m*l. Is l a composite number?
True
Suppose 5*m - 4*j = 3*m + 630, 5*m - 1593 = 4*j. Let g = 482 - m. Is g a prime number?
False
Suppose -3*r + 22 = -r. Let v = -11 + r. Let n(b) = -b**3 - b + 85. Is n(v) a prime number?
False
Suppose -l + 3*j + 5214 = 4*l, -2080 = -2*l + 4*j. Suppose 0*u = 4*u + s - 1034, 4*u - 4*s - l = 0. Is u composite?
True
Let q(m) = -5*m**2 + 6*m + 10. Let n(a) = -15*a**2 + 19*a + 31. Let u(y) = 2*n(y) - 7*q(y). Is u(7) composite?
True
Suppose 0 = 3*v - 4641 - 2313. Let w be v/6 + 2/3. Suppose -5*y - 2*m = -8*y + w, -5*m = -5*y + 650. Is y composite?
False
Let u be 2 + (-2 - 0 - -36). Let q = u - -2. Is q prime?
False
Let d be (-2)/7 - 16/(-7). Suppose 3*p + p - 312 = -5*o, -158 = -2*p - d*o. Is p a composite number?
False
Suppose 2*h = 413 + 1697. Suppose 2*t + h = 7*t. Is t prime?
True
Let w(m) = 13*m + 2. Is w(17) a composite number?
False
Let h(d) = -d - 1. Let f be h(-3). Suppose 3*u = -3*c + c + 207, 0 = -f*c + u + 195. Suppose -7*l + c = -4*l + 5*j, 4*l + 3*j = 132. Is l prime?
False
Let c(d) = -8*d - 11. Let b be c(-8). Suppose -3*y + 182 = 4*g, 0*y - 3*y = -g + b. Is g a prime number?
True
Suppose 0 = -w + 4*w - 12. Suppose -w*n - 2*d = -81 - 179, 3*n + 2*d - 193 = 0. Is n a prime number?
True
Suppose -4*s + 2*s = -254. Is s a prime number?
True
Let n be 5 - 3/(3/2). Let f be n/(-6) - 49/(-2). Is -1 + (-1 + f)/1 composite?
True
Suppose 0 = 2*u - 0*u - 12. Let r be (u/9)/(3/(-9)). Is 141/6*-1*r a prime number?
True
Let o = -8 + 68. Suppose 3*u - 85 = 4*l + o, -4*u - l = -187. Is u composite?
False
Suppose -642 = 5*i - 17. Let y = 284 + i. Is y composite?
True
Is 191/5*(-13 + 18) prime?
True
Let o be 12/9*6/4. Suppose 4*v = o*k + 5444, -3*k + 4083 = 3*v + 2*k. Is v a composite number?
False
Is ((-37)/2)/((-4)/8) composite?
False
Suppose 2*u = 5*u - 1017. Suppose 3*o - u = 234. Is o composite?
False
Let u(n) = n**2 + 4*n + 1. Let x be u(-5). Suppose -2*s + x*o + 30 = o, 2 = o. Suppose 5*i - 10 - s = 0. Is i composite?
True
Suppose -2*p - p - 6 = -4*y, -4 = -5*p + 2*y. Suppose 0 = -p*g + 3*g - 517. Is g prime?
False
Suppose g - 499 = 174. Is g a composite number?
False
Let h = -12 + 12. Suppose 2*r - 506 = -4*d, h = -3*d + 2*r + r + 384. Is d composite?
False
Suppose 3*l + c - 4 = 0, 3*l = 4*l + 2*c + 2. Suppose 346 + l = 4*j. Is j a prime number?
False
Let y be 44/2*(-2)/4. Let l = 40 - y. Let g = l - 36. Is g a composite number?
True
Suppose 5*q = -0*p - p + 291, -q + 59 = p. Is q prime?
False
Let c = 553 - 164. Is c prime?
True
Suppose 4*v = -v + 280. Suppose x - v = -x. Is (1*-11)/((-4)/x) a prime number?
False
Is (-838)/(-5)*(-10)/(-4) composite?
False
Let f be (3*-2)/(0 + -2). Suppose -4*g + 4 = -2*k, -5*k = -f*k - 3*g - 1. Let l = 13 + k. Is l prime?
False
Let l be (-4028)/(-18) - 4/(-18). Suppose 6*i = -4*x + 2*i + l, -40 = -x - 5*i. Suppose -99 = -3*b + x. Is b a prime number?
True
Suppose 0*w - w + 16 = -s, 0 = 5*w + 3*s - 88. Suppose -3*u + 102 = 3*q, -4*q = -3*u + w + 85. Is u prime?
False
Let y(r) = 18*r - 7. Let d be y(3). Suppose -3*l = -22 - d. Is l a composite number?
False
Let n(u) = -471*u. Let f be n(-2). Suppose -2*x - 4*o + f = 0, x - 182 = -5*o + 295. Is x prime?
True
Suppose 0 = -b - 2*i, 2*b + 4*i - 10 = 5*b. Is (-172)/(-3)*(-3)/b a prime number?
False
Let f = 470 + -219. Is f composite?
False
Suppose 13 - 37 = 4*v. Let f = v - -8. Suppose 2*p + 3*z = -f*z + 154, 5*z - 221 = -3*p. Is p a prime number?
True
Let w = -2174 + 3218. Is (-4)/14 + w/28 a prime number?
True
Let h = -6 - -11. Suppose 2*s - 5 = 3, 0 = -h*x - 5*s + 90. Is x prime?
False
Let j(v) = 38*v**2 + 3*v + 3. Is j(-1) a composite number?
True
Let k be (12/(-5))/((-3)/(-15)). Suppose 84 = 4*f - 4*o, 4*f